2 + 4*a**2 + 2*a + 0*a**2. What is l(x)?
1
Let l be 125/(-10)*(-12)/10. Suppose 0*c - 5*c - l = 0. Let y(j) = 0*j**2 + 0*j**2 + 2*j**2 + j**3 + 0*j**3 - 3*j - 2. Calculate y(c).
-2
Let k(t) = 5*t. Let l(v) be the first derivative of -v**3/3 + v**2 - 2*v + 5. Let a be l(2). Determine k(a).
-10
Let v(g) = g**3 + 2*g**2 - 2. Let x be v(-2). Let c(q) = q**3 + 3*q**2 + 3*q. Give c(x).
-2
Suppose 0 = 7*m - 2*m + 15. Let x(k) be the third derivative of -k**6/120 - k**5/20 - 2*k**3/3 - 29*k**2. Calculate x(m).
-4
Let l(u) = u + 2. Let b(p) = -2*p - 3. Let q(v) = -2*b(v) - 5*l(v). Calculate q(-7).
3
Let m be 8/12*(3 - 0). Let k(b) = 2*b**3 + m*b**2 - 3*b**2 + b - b**3. Let p(u) = -6*u**3 - 11*u - 4. Let i(a) = -5*k(a) - p(a). Determine i(-4).
-4
Let g = 7 - 5. Let d(p) = -p**2 + p**2 + 5*p + 4 + 2*p**g - 1. Calculate d(-3).
6
Let m(w) = w - 2. Suppose 4*a - p = 14, 5*a + 6*p - 9 = 3*p. Suppose 0 = -a*o + 22 - 7. What is m(o)?
3
Let w(f) = -5*f**2 + 11*f - 11. Let p be w(1). Let a(h) = h + 1. Let u(j) = 8*j + 12. Let v(m) = -5*a(m) + u(m). What is v(p)?
-8
Let w(q) be the first derivative of -q**3 - q - 6. Determine w(-1).
-4
Let g be (-5)/(-10)*(-16)/(-2). Let s(m) = -m. Determine s(g).
-4
Let g(u) be the third derivative of u**4/24 + 17*u**2. Give g(-2).
-2
Let m(z) be the first derivative of -2*z**2 - 2*z + 2. Let i(t) = 5*t + 2. Let f(b) = -3*i(b) - 4*m(b). Determine f(-6).
-4
Let s = -42 + 59. Let y = s + -22. Let o(g) = -g**3 - 6*g**2 - 5*g + 6. Give o(y).
6
Let g(w) = -4*w - 2. Let v(s) = -7*s - 3. Let j(o) = 5*g(o) - 3*v(o). Let q = -5 - -9. Let p = q - 8. Calculate j(p).
-5
Let n(w) = -4*w**2 - 5*w + 2*w**3 - 4 + 3*w**2 - 3*w**2 - w**3. Calculate n(5).
-4
Let d(a) = a**2 - 3*a - 1. Let n be (20/6)/((-5)/(-3) - 1). Calculate d(n).
9
Let z(l) = l**2 + 4*l - 6. Let j be (1/(-3))/((-3)/18). Let q = -7 + j. Calculate z(q).
-1
Suppose -s = -6 + 7. Let t(v) = 5*v**3 - v**2 + v + 1. What is t(s)?
-6
Let s(j) = -j**2 - 8*j + 12. Suppose 4*x = -41 + 1. What is s(x)?
-8
Let i(v) = 12*v - 1. Suppose -3*m + 20 = m. Let h = -14 - -10. Let c = h + m. Give i(c).
11
Let f(i) = -i - i**2 + 5*i**2 - 4 - 5*i**2. Suppose -5 = 11*v - 5. Give f(v).
-4
Let f(m) = m**2 - 6*m - 7. Suppose 5*b - 10 = 5. Suppose 0 = -b*l + 2*l + 6. What is f(l)?
-7
Let z(g) = 5 - g**2 - g - 2 + 3*g. What is z(4)?
-5
Let t(l) be the third derivative of l**5/30 - l**4/24 + l**3/3 + 4*l**2. Give t(2).
8
Let i(n) = -3*n**2 + 6*n - 1. Suppose -4*l + 9 = -2*a - 13, 4*l - 4*a - 28 = 0. Let p(h) = h**2 + 1. Let b(u) = l*p(u) + i(u). Give b(-4).
-5
Let h(l) = -l**3 + 5*l**2 + l - 3. Let v be h(5). Let m = 5 - v. Let p(j) = -3*j**3 - 1 - 2*j + 7*j**2 + 2*j**3 - 4*j**2 + 0. Determine p(m).
-7
Suppose 0 = 5*p - 10. Let b(o) = -4*o + p*o**2 - 3 + 2 + 5. Give b(3).
10
Let s(k) be the first derivative of k**2 - 4*k - 6. Suppose 3*g - 5*j - 56 = 0, 6 = j + 2*j. Suppose 0 = i + 2*w - 14, 0 = 3*i + 2*w - 0*w - g. Calculate s(i).
4
Let x(y) = -6*y**2 + 18*y - 9. Let r(j) = -2*j**2 + 6*j - 3. Let p(q) = -8*r(q) + 3*x(q). Give p(4).
-11
Suppose 7*r - 1 = 8*r. Let z(a) = -3*a + 1. Give z(r).
4
Let v(o) = -o**3 + 7*o**2 + 4*o - 23. Let t be v(7). Let d(y) = y**3 - 5*y**2 + y - 6. Determine d(t).
-1
Let h(w) be the third derivative of w**6/24 + w**5/60 + w**4/24 + w**3/6 - 3*w**2. What is h(-1)?
-4
Let h(p) = -7*p - 4*p**3 - 1 + 4*p + p + 8*p**2 + 2. Let f(a) = 5*a**3 - 9*a**2 + a - 2. Let z(l) = -3*f(l) - 4*h(l). Give z(4).
6
Suppose 0 = -2*l + l + 3*l. Let q(c) = c - 12. Give q(l).
-12
Let v(k) = -k - k + 1 + 0*k - 2*k. Let o(d) = -d + 2. Let m be o(3). Calculate v(m).
5
Suppose -6*o - 3*h = -o - 34, 3*o = 5*h. Let u(k) = k + 3*k**2 - 3*k**2 - 3*k**3 + 2*k**3 - 4 + o*k**2. Let j be 1/(((-3)/(-5))/3). Give u(j).
1
Let n(z) = -z - 6. Suppose 4*l + w - 3*w + 34 = 0, 3*l + w + 23 = 0. Let p be n(l). Suppose 0 = d - 0*d - p. Let y(u) = -2*u**2 + u + 1. Calculate y(d).
-5
Let g(a) = a. Let l(z) = 5*z - 4. Let b(r) = 4*g(r) - l(r). Let d be 3*(0 - 2/2). What is b(d)?
7
Let m(n) = -n**3 - 8*n**2 + 4*n + 6. Let f(o) = -o**3 - 7*o**2 + 4*o + 6. Let b(v) = -5*f(v) + 4*m(v). Suppose -5*i - 17 = 3. Calculate b(i).
-6
Let y = 11 + -8. Let n(h) = 3 - 5 - y + h**2 - 3*h. Let t = 8 + -3. What is n(t)?
5
Suppose 5*m - 5*p + 25 = 0, m - p - 3*p + 20 = 0. Let x(u) = 2*u + 1 + m*u - 5. Determine x(3).
2
Let t(w) = 4*w**3 + w**2 - 4*w + 3. Let n be t(1). Let r(k) = 3*k - 2. Let h(l) = l. Let q(j) = -2*h(j) + r(j). Give q(n).
2
Let h(f) = f**3 + 4*f**2 - 3*f - 1. Let w(r) = -r**3 - 9*r**2 - 5*r - 2. Let q be w(-8). Let d = -30 - q. Calculate h(d).
11
Let o(u) = -u**3 - 7*u**2 - 2*u - 9. Suppose 83 + 15 = -14*a. Calculate o(a).
5
Let h(i) = 4*i**3 - 1. Let r(q) be the third derivative of -q**2 + 0*q - 7/6*q**3 - 1/24*q**4 + 0. Let z be r(-8). Give h(z).
3
Let t(l) = -l. Let n(h) = -h**3 + 4*h**2 - 2*h + 3. Suppose 9 = 5*v - 6. Let f be n(v). Let g be f + -3 + -8*1. Calculate t(g).
5
Let y(t) = 16*t**2 - 1. Let f(c) = -c**3 - c**2 + 6*c + 3. Let d be f(-4). Let b = d - 28. Give y(b).
15
Let b(s) = -5*s**2 - 2*s - 1. Let k be 105/20 + (-3)/12. Suppose 3*u = 2 - k. Give b(u).
-4
Let u(o) = 4 - 23*o - 16*o + 42*o. Give u(-5).
-11
Let t(i) be the second derivative of i**3/6 - 2*i - 6. Give t(-5).
-5
Let z(m) = m**3 + 6*m**2 + m - 1. Suppose 9 = -0*v + 3*v. Suppose 0 = 7*f - v*f + 2*q + 28, 3*f - 3*q + 12 = 0. Determine z(f).
-7
Suppose 16 + 11 = -9*a. Let x(u) = u**3 + u**2 - 4*u + 1. What is x(a)?
-5
Suppose 2*f + 3*j = -1 + 11, 3*j = f + 4. Let o(w) = -w**3 + 2*w**2 - w + 1. Determine o(f).
-1
Let i(t) = 8*t - 1. Let y be 9*(4/(-7) - (-80)/336). Give i(y).
-25
Let v(m) = -5*m + 1. Let q be v(1). Let f(t) be the second derivative of 7*t + 1/6*t**3 + 0 + 1/2*t**2. Give f(q).
-3
Let z be (-2)/1*(-6)/4. Suppose -5*q = -5*k - 25, -2*q - 2*k = k + 5. Let c(v) = -1 + 3*v**3 + 2 - 4*v**q + 4*v - v**3 - v**3. What is c(z)?
4
Let m be -10*(-1)/2*1. Let a(p) = 1 + p - 5*p + m*p. Calculate a(-2).
-1
Let r = 5 + -3. Let s(w) = 4*w - r*w**2 + 4*w**2 + 3*w**2 - 4 + w**3. Let n be (-20)/20 + -2 + -1. Determine s(n).
-4
Let j be (-24)/(-10) + (-22)/55. Let d(k) = 3 + 3*k - 3*k - 3*k + j*k. Determine d(2).
1
Let t(q) = -3*q + 7. Let p(u) = -7*u + 13. Let o(h) = 4*p(h) - 9*t(h). Give o(-5).
-6
Let q = -4 + 6. Let p(k) = 0 + 4*k**q + 0 + 1 - k**2. What is p(-1)?
4
Let x(u) = -2*u + 8. Suppose -3*o = -31 + 7. Suppose -3*y = -o*y + 30. Determine x(y).
-4
Suppose 4 = -4*u, -4*f + 0*u + 17 = 3*u. Let o(n) = -1. Let w(h) = -3. Let t(x) = -4*o(x) + w(x). Let d(z) = -z - 4. Let y(i) = d(i) + 4*t(i). Calculate y(f).
-5
Let g be ((-12)/(-42))/(-3*2/(-42)). Let m(f) = f**2 + f - 2. What is m(g)?
4
Let d(k) be the first derivative of k**2 - 3*k + 8. Determine d(-3).
-9
Suppose -5*w - 22 = -27. Let r(z) = -6*z**3 + z**2. Give r(w).
-5
Let k(i) be the second derivative of -i**3/6 - 9*i**2/2 - 4*i. Determine k(-5).
-4
Let v(j) = 2*j**2 + 3*j. Let y be v(-2). Let a(u) = u**3 - 2*u**2 - 2*u - 1. Calculate a(y).
-5
Let v(n) = n**2 - 6*n + 6. Suppose -3*k - 5*q = k - 14, 9 = 5*k + 2*q. Suppose 4 = x - k. Give v(x).
1
Let v(b) = -8*b**3 - 2*b - 1. Let m be v(-1). Let k(c) = -c**2 + 6*c + 2. Give k(m).
-25
Let f(i) = i**3 + 5*i**2 - i + 2. Let g be f(-5). Let q(z) be the second derivative of -z**5/20 + z**4/2 + z**3 + z**2 - 32*z - 1. What is q(g)?
-5
Let q(d) = d**2 - 4*d - 2. Let u be (-4 + 0)*(-2)/(-4). Let i(b) = -2*b**3 - 2*b**2 + 3*b + 2. Let h be i(u). What is q(h)?
-2
Suppose 0 = 4*i + z + 23, -z - 3 = 3*i - 5*z. Let h(p) = p + 12. Determine h(i).
7
Let r(d) = d - d**2 + 0*d - 2*d + 2*d + 5. Suppose 0 = 5*t + 3*k - 29, -5*k = t - k - 16. Give r(t).
-7
Let p(o) be the second derivative of -o**5/20 + 7*o**4/12 - 5*o**3/6 - o**2 - 4*o. Determine p(6).
4
Let m be -1*2*4/(-8). Let w = m + 0. Let y(a) = 8*a**3 - a + 1. Give y(w).
8
Let s(f) = f + 3. Suppose 17 + 7 = 4*j. What is s(j)?
9
Let f(m) be the second derivative of -7*m**4/12 - m**3/3 + m**2/2 - 56*m. Calculate f(1).
-8
Let n be 5 + -7 + -1 + 4. Let y(u) = 4*u**2 + u. Let m(c) = -7*c**2 - 2*c. Let r(g) = 3*m(g) + 5*y(g). Determine r(n).
-2
Let h(z) = z**3 + 4*z**2 + z - 1. Let c be 12*(-4 + 0)/12. Give h(c).
-5
Let v(n) = 0 - 8*n - 4 - n**2 + 7*n. Calculate v(3).
-16
Let k(g) = 22*g - 13. Let x(t) = -5*t + 3. L